 common divisor of 2115 and 45?
45
What is the greatest common factor of 826 and 118?
118
Calculate the greatest common factor of 13520 and 160.
80
Calculate the highest common factor of 1357 and 23.
23
What is the highest common divisor of 7 and 189?
7
Calculate the highest common divisor of 78 and 18.
6
What is the greatest common divisor of 1118 and 52?
26
What is the highest common divisor of 15 and 8655?
15
What is the highest common divisor of 3040 and 342?
38
Calculate the highest common divisor of 9 and 261.
9
Calculate the highest common divisor of 4288 and 67.
67
Calculate the greatest common factor of 26516 and 28.
28
Calculate the greatest common factor of 177 and 3.
3
Calculate the greatest common divisor of 3875 and 31.
31
What is the highest common divisor of 48 and 52368?
48
What is the highest common factor of 19 and 209?
19
Calculate the highest common divisor of 301 and 21.
7
Calculate the highest common divisor of 132 and 204.
12
Calculate the greatest common factor of 27 and 117.
9
Calculate the highest common divisor of 31 and 310.
31
What is the highest common factor of 350 and 49?
7
Calculate the greatest common factor of 1703 and 52.
13
What is the highest common factor of 37033 and 29?
29
What is the greatest common factor of 11849 and 41?
41
What is the greatest common divisor of 16324 and 106?
106
What is the highest common factor of 190 and 100?
10
What is the highest common factor of 66 and 18?
6
Calculate the greatest common factor of 17 and 16.
1
Calculate the greatest common factor of 5 and 45.
5
Calculate the greatest common factor of 2368 and 40.
8
What is the greatest common divisor of 23260 and 20?
20
What is the greatest common factor of 78 and 222?
6
Calculate the highest common divisor of 25740 and 360.
180
Calculate the greatest common factor of 1738 and 1106.
158
Calculate the highest common divisor of 6 and 192.
6
Calculate the greatest common factor of 95 and 589.
19
Calculate the highest common factor of 4 and 92.
4
What is the greatest common divisor of 93 and 14601?
93
Calculate the greatest common divisor of 16 and 496.
16
What is the highest common factor of 36 and 24?
12
Calculate the highest common factor of 171 and 9.
9
What is the greatest common factor of 48 and 75?
3
Calculate the highest common divisor of 45 and 17505.
45
Calculate the highest common divisor of 1050 and 161.
7
Calculate the highest common divisor of 768 and 12.
12
What is the greatest common factor of 469 and 3752?
469
What is the highest common divisor of 10965 and 258?
129
What is the highest common factor of 434 and 14?
14
Calculate the greatest common factor of 85 and 15.
5
What is the highest common factor of 245 and 40?
5
Calculate the greatest common divisor of 455 and 819.
91
What is the greatest common factor of 11 and 77?
11
Calculate the highest common factor of 48 and 51.
3
What is the highest common factor of 871 and 481?
13
Calculate the highest common divisor of 1295 and 70.
35
Calculate the highest common divisor of 7 and 49.
7
What is the greatest common factor of 12523 and 7?
7
Calculate the highest common divisor of 150 and 36450.
150
Calculate the highest common factor of 26 and 6526.
26
What is the highest common divisor of 72 and 36?
36
What is the greatest common factor of 301 and 1935?
43
Calculate the greatest common divisor of 5642 and 364.
182
What is the greatest common divisor of 156 and 884?
52
What is the highest common factor of 99 and 693?
99
Calculate the greatest common factor of 912 and 10716.
228
What is the highest common divisor of 20 and 2050?
10
What is the greatest common divisor of 4125 and 25?
25
What is the highest common factor of 1350 and 600?
150
What is the highest common divisor of 17 and 51?
17
Calculate the greatest common factor of 12680 and 40.
40
Calculate the highest common factor of 5 and 4.
1
Calculate the greatest common divisor of 616 and 168.
56
Calculate the highest common divisor of 1236 and 12.
12
Calculate the highest common divisor of 1665 and 45.
45
Calculate the greatest common divisor of 235 and 47.
47
What is the highest common divisor of 114 and 24?
6
Calculate the highest common factor of 50 and 700.
50
Calculate the greatest common divisor of 7 and 7.
7
What is the greatest common divisor of 7 and 3?
1
What is the highest common divisor of 36 and 36?
36
Calculate the highest common divisor of 377 and 1189.
29
What is the highest common factor of 20 and 7280?
20
Calculate the highest common factor of 63 and 1008.
63
What is the highest common divisor of 15 and 8970?
15
Calculate the greatest common factor of 654 and 24.
6
Calculate the greatest common factor of 12931 and 193.
193
What is the greatest common divisor of 245 and 49?
49
What is the highest common factor of 27 and 459?
27
Calculate the highest common divisor of 49 and 10955.
7
Calculate the greatest common factor of 291 and 5044.
97
Calculate the highest common factor of 284 and 15833.
71
What is the highest common factor of 285 and 513?
57
What is the greatest common divisor of 688 and 86?
86
What is the greatest common divisor of 5777 and 109?
109
What is the highest common divisor of 8 and 648?
8
Calculate the highest common divisor of 162 and 50.
2
What is the highest common factor of 120 and 5688?
24
What is the highest common factor of 809 and 2?
1
What is the highest common divisor of 1067 and 388?
97
Calculate the greatest common factor of 209 and 14003.
209
What is the greatest common factor of 700 and 7?
7
What is the highest common divisor of 6 and 42?
6
What is the highest common factor of 1334 and 92?
46
What is the greatest common divisor of 494 and 266?
38
What is the highest common factor of 130 and 52?
26
Calculate the greatest common factor of 128 and 1424.
16
What is the highest common factor of 77 and 15169?
77
Calculate the greatest common divisor of 22126 and 104.
26
What is the highest common divisor of 58 and 522?
58
What is the highest common factor of 4 and 7492?
4
What is the highest common divisor of 22 and 6?
2
What is the greatest common divisor of 1701 and 161?
7
What is the highest common divisor of 11 and 7?
1
What is the highest common factor of 27 and 10341?
27
Calculate the greatest common factor of 27 and 360.
9
Calculate the greatest common factor of 10 and 1240.
10
What is the greatest common divisor of 435 and 225?
15
Calculate the greatest common divisor of 28 and 13636.
28
Calculate the highest common factor of 54463 and 107.
107
What is the greatest common factor of 1463 and 99?
11
What is the greatest common divisor of 16155 and 90?
45
Calculate the highest common divisor of 168 and 378.
42
What is the greatest common divisor of 111 and 28416?
111
Calculate the highest common divisor of 14854 and 14.
14
What is the highest common factor of 261 and 348?
87
Calculate the highest common factor of 2433 and 3.
3
Calculate the greatest common factor of 288 and 1224.
72
What is the greatest common divisor of 264 and 5104?
88
Calculate the highest common factor of 59 and 531.
59
Calculate the greatest common divisor of 21 and 399.
21
Calculate the highest common divisor of 42 and 18.
6
Calculate the greatest common divisor of 65 and 595.
5
What is the highest common factor of 46 and 621?
23
What is the highest common factor of 1010 and 10908?
202
Calculate the highest common divisor of 309 and 824.
103
What is the greatest common factor of 378 and 243?
27
What is the greatest common factor of 382 and 4?
2
What is the greatest common factor of 42 and 26432?
14
What is the greatest common divisor of 225 and 135?
45
What is the greatest common divisor of 96 and 216?
24
Calculate the greatest common factor of 186 and 1178.
62
Calculate the highest common divisor of 2782 and 286.
26
What is the highest common factor of 11 and 11?
11
What is the highest common divisor of 39 and 91?
13
What is the highest common factor of 1 and 2623?
1
Calculate the highest common factor of 161 and 8533.
161
Calculate the greatest common divisor of 561 and 34.
17
What is the greatest common factor of 45 and 1440?
45
What is the greatest common factor of 224 and 952?
56
What is the greatest common divisor of 495 and 45?
45
Calculate the greatest common factor of 31 and 589.